 = 43*m**2 - 33*m - 248. List the prime factors of n(-11).
2, 2659
Let w(a) = -a - 4. Let y be w(4). Let l = y + 10. Suppose l*q = r - 0*q - 1, -2*r + q = -8. List the prime factors of r.
5
Let f(h) = h**3 + 13*h**2 + 23*h + 15. Let y be f(-11). Suppose -y*q = 5*a - 1022 + 179, a = 3*q - 637. What are the prime factors of q?
2, 53
Let k(a) = -2*a**3 + 40*a**2 - 60*a - 34. List the prime factors of k(17).
2, 5, 17
Suppose 2*m = -2*m. Suppose -3*z - g + 122 = m, 2*z - 35 - 33 = -4*g. What are the prime factors of z?
2, 3, 7
Let v(s) = s**2 + 3*s + 8. Let j be v(6). Let z = j - 31. Suppose 0 = 2*n - z - 51. What are the prime factors of n?
41
Suppose 2*m = -2*x + 12, 2*m - 2*x + 6 = 2. Suppose -t = 2*u - 8, t - 4*u - 4 = -m*u. Let i(a) = -a + 8. What are the prime factors of i(t)?
2
What are the prime factors of 10/2*7579/55?
13, 53
Suppose -5*w - 3*b = -17, -5*b - 3 = 2. Suppose -a = w*l + 2*a - 109, 0 = l + 2*a - 26. List the prime factors of l.
2, 7
Let v = -6 - -10. Let w be v/4*-1 + 24. List the prime factors of 3 - (0 - 3 - w).
29
Suppose -56*q + 116 = -52*q. List the prime factors of q.
29
What are the prime factors of (4 - 42/10)*-2*2095?
2, 419
Suppose 547*g - 650 = 537*g. List the prime factors of g.
5, 13
Let n = 1382 - -2584. What are the prime factors of n?
2, 3, 661
Suppose -9*c + 3455 = -6661. What are the prime factors of c?
2, 281
Suppose 5*n + 90 = -50. Let j = -27 - n. What are the prime factors of 5/(0 + j/8)?
2, 5
Let l(j) = -5*j**3 - 2*j**2 + 54*j - 25. List the prime factors of l(-8).
5, 79
Suppose 27*y - 54926 = 18082. List the prime factors of y.
2, 13
Let u(j) = j**2 + 8*j + 18. Let h be u(-11). List the prime factors of h + (-4 - (3 - 5)).
7
Let x be (-2 + 2/5)/((-10)/25). Suppose 6*r - 2*r + 460 = 4*n, x*n = r + 472. List the prime factors of n.
7, 17
Let u = 50 - 13. Let i = -26 + u. What are the prime factors of i?
11
Suppose 3*f = -t + 6, 27 = 4*f - 0*t - 5*t. Suppose 4*p + 78 + 278 = 3*x, f*p = 5*x - 608. What are the prime factors of x?
2, 31
Suppose -44 + 2 = 2*d. Let h = 3 - d. What are the prime factors of h?
2, 3
Let o = 671 - -769. List the prime factors of o.
2, 3, 5
Let h be (-34)/(-9) - (-12)/54. Suppose -1 = -h*z - 53. Let b = 23 + z. What are the prime factors of b?
2, 5
Let v(s) = s**3 - 62*s**2 - 63*s - 185. What are the prime factors of v(64)?
3, 5, 53
Suppose 4*q + 2*c - 5 + 1 = 0, -16 = -3*q + 5*c. Let m(f) = -q + 8*f - 5 - 6*f - 4. List the prime factors of m(8).
5
Suppose -3*x - 1 = -4*f - 28, 5*x = 3*f + 34. Suppose x*t - 129 = -39. Let g = -16 + t. List the prime factors of g.
2
Let n(m) = m**2 + 14*m - 6. What are the prime factors of n(10)?
2, 3, 13
Suppose 3*r = 9*x - 11*x + 2856, -1897 = -2*r + x. What are the prime factors of r?
2, 5, 19
Suppose -3*z + 9*z = 24. List the prime factors of (-3 - (-17)/z)*20 - -1.
2, 13
List the prime factors of 20817/(-108)*-4*1.
3, 257
Suppose v + 2*v - 98 = -5*j, 2*v = 4*j + 80. Let q be ((-27)/6)/((-1)/v). Let s = q - 105. What are the prime factors of s?
3, 19
Suppose 5*x + 9*x - 7350 = 0. What are the prime factors of x?
3, 5, 7
Suppose 2*m = 28*m - 12532. List the prime factors of m.
2, 241
Let i(m) = m - 1. Let z be i(7). Suppose -2*c = z, -4*p + 4*c = -p - 144. List the prime factors of p.
2, 11
Suppose -72 = -3*a - 5*a. Suppose -a*z + 48 = -z. List the prime factors of z.
2, 3
Suppose -30 + 3 = -9*m. Suppose -3*t = -0*b + 2*b - 376, 3*t = m*b + 351. List the prime factors of t.
2, 61
Let t be 1 - -8 - (1 + 1). Let w(z) be the first derivative of -z**3/3 + 4*z**2 - 2*z - 44. What are the prime factors of w(t)?
5
Suppose 8*b = 4859 - 1475. List the prime factors of b.
3, 47
Let x(t) = t**3 + 39*t**2 - 52*t - 14. List the prime factors of x(-40).
2, 233
Let q(a) = a**2. Let c(n) = n**3 - 12*n**2 + 11*n - 6. Let h(o) = c(o) + 4*q(o). Let p be h(7). Suppose -4*k + p = -3*k. List the prime factors of k.
2, 11
Suppose 4*o - 3*d - 28 = 0, d = -o + 5*d - 6. Let t be o/(-5) + 2/1. Suppose -4*v + 33 = q, t = 2*q + v - 6*v - 14. List the prime factors of q.
17
Suppose -2*h - 14 = 8. Let y(p) = p**3 + 13*p**2 + 14*p - 21. What are the prime factors of y(h)?
67
Let a = -64 - -67. Suppose 3*i + 3*s = 7*i - 453, 0 = a*i - 3*s - 342. List the prime factors of i.
3, 37
Suppose 1348 = 2*l - 2*t - 1004, -5*t = -l + 1192. List the prime factors of l.
2, 293
Suppose -42 = -3*x - 3*z, z + 2*z = -5*x + 66. Let k(f) = 57*f**2 - f. Let y be k(1). Let w = x + y. What are the prime factors of w?
2, 17
Suppose 0 = -4*p + 16, 2 - 4 = -a + p. Suppose -a*d = -2*d + 504. Let n = d - -181. List the prime factors of n.
5, 11
Suppose 4*k = 9*k - 2165. Suppose -5*x + 934 = u - 144, -2*x = u - k. List the prime factors of x.
5, 43
Suppose 0 = -j + 2*j + 3*y + 104, 2*y = 0. Let x = j + 149. Suppose 0*z = 5*z - x. What are the prime factors of z?
3
List the prime factors of 5/(-110)*-4 - 5536/(-44).
2, 3, 7
Let d(b) = 2*b**3 - b. Let u be d(1). Suppose -2*a + 5 = -u. List the prime factors of a.
3
Suppose 0 = 4*z + w + 4*w - 26, -5*z = 5*w - 30. Suppose 5*v = z*p - 25, 5*v - 15 = -0. Suppose q = p + 13. List the prime factors of q.
23
Let z(h) = 2*h**3 - 8*h**2 - 9*h - 23. What are the prime factors of z(7)?
2, 13
Let p be ((0 + 3)/1)/((-3)/(-50)). Suppose 3*k - 58 = -r, 0 = -r - 5*k - 0*k + p. What are the prime factors of r?
2, 5, 7
Let x(q) = q**3 - 5*q**2 - q + 9. Let j be x(5). Suppose 0 = l - j*l - 327. Let p = -69 - l. What are the prime factors of p?
2, 5
Let n = -130 - -134. Suppose -n*o = 2*i - 70, -5*i + 5*o + 160 = -2*i. List the prime factors of i.
3, 5
Let x be (-2)/3*36/24. Let q be -6*x/15*5. Suppose -q*g = -33 - 25. List the prime factors of g.
29
Let b(m) be the second derivative of 7*m - 5*m**2 - 2*m**3 + 0 - 1/12*m**4. List the prime factors of b(-10).
2, 5
Suppose 23*k = 46*k - 99590. What are the prime factors of k?
2, 5, 433
Let p(y) = -5*y**3 - 6*y**2 + 10*y + 2. What are the prime factors of p(-5)?
7, 61
Suppose -219 - 1123 = -11*m. Suppose 90 + m = 4*t. What are the prime factors of t?
53
Suppose 0 = 4*w + 3*l - 10941 + 1501, -2*l + 9440 = 4*w. List the prime factors of w.
2, 5, 59
Let m(a) = a**2 + 8*a + 7. Let n be m(-5). Let j be (3 - n/(-4)) + 1. Suppose 3*z = j*r - 32, -4*r + 6*z - z + 66 = 0. List the prime factors of r.
19
Let q(p) = 43*p - 18. List the prime factors of q(7).
283
Suppose 97 = -5*c + 4*c - 5*j, -219 = 3*c - 3*j. Let n = c - -130. Suppose 2*r + n = 5*i, -5*r = 5*i - 1 - 24. List the prime factors of i.
3
Let c(o) = -o**2 + 25*o - 22. Let z be c(24). Suppose s - 216 = -z*s. What are the prime factors of s?
2, 3
What are the prime factors of (-22)/4*8248/(-22)?
2, 1031
Suppose 5*t - 6956 = 3*q, 2*t + q - 2772 = -3*q. List the prime factors of t.
2, 5, 139
Let u(s) = 20*s + 162*s**2 - 3*s - 163*s**2 + 18. List the prime factors of u(9).
2, 3, 5
Let v(z) = 163*z**3 + 2*z**2 - z + 1. List the prime factors of v(1).
3, 5, 11
Suppose -8*u + 11*u = 0. Suppose 0 = -2*p - 4*o + 312, 0 = -u*p + 5*p - o - 747. Suppose 10 = -5*c + p. What are the prime factors of c?
2, 7
Let y(b) = 9*b**2 - b + 3. Let d(r) = -r - 4. Let o be d(-7). List the prime factors of y(o).
3
Let p = 28 - 16. Let a = p + -9. What are the prime factors of 5/(-3)*-10*a?
2, 5
Let h be -1 - 18 - 2 - (1 + -1). Let v = 43 - -1. Let t = h + v. List the prime factors of t.
23
List the prime factors of (32900/(-150))/(2 + 8/(-3)).
7, 47
Let h = 33 + -69. Suppose -4*g + 275 = i, g - 3*i - 263 = -3*g. Let t = g + h. List the prime factors of t.
2
Suppose 35*o - 1742 = 33*o. List the prime factors of o.
13, 67
Suppose -2730 = 36*f - 42*f. List the prime factors of f.
5, 7, 13
Let b(n) = 51*n**2 + 51*n - 289. What are the prime factors of b(7)?
17, 151
Suppose 0 = 3*g - 19*g + 33584. List the prime factors of g.
2099
Let c(m) = -2*m**2 - 43 + 28*m + 15 + 11 + 7. What are the prime factors of c(11)?
2, 7
Suppose 20 - 105 = -5*l. Suppose -l*g + 2 = -16*g. Let y = g + 13. List the prime factors of y.
3, 5
Let t(n) = -3*n - 16. Let f be t(-7). Let u be (0 - -2)/(-10) + 176/80. Suppose -4*w - 3*g - u*g = -130, 0 = 4*w - f*g - 110. What are the prime factors of w?
2, 3, 5
Let i be (2/7)/(1/7) + 634. Suppose -32 = 4*f - i. List the prime factors of f.
151
Suppose 4*w - 10 = -5*r, 0 = -w + 2*r - 3 